 -2*p + 19 = 67. Let r = -21 - p. Suppose -2*q + 2*k - 4 = 0, 5*q - 2*k = -4 - r. Let l(i) = 8*i**2 + i. Give l(q).
7
Suppose 0 = 3*w + 11 - 29. Let p = 2 + w. Let y(n) = -2*n + 3. Let g(s) = -5*s + 10. Let m(d) = p*y(d) - 3*g(d). Give m(-6).
0
Let t(d) be the third derivative of d**4/24 - d**3 - 10*d**2. Suppose f + 6 = -3*v, -4*v - 6 = -v. Give t(f).
-6
Suppose -5 = -4*g + 4*d - 1, 3*g - 15 = -d. Suppose -2*a - g*l = -14, 0 = 2*l + 3*l - 25. Let j be 0/(1 - -3) - a. Let o(s) = -s**2 + 2*s + 2. Determine o(j).
-1
Let q(o) = o**3 + 7. Let k(t) = -t**3 - t**2 - t - 6. Let y(s) = -4*k(s) - 3*q(s). Suppose -3*d + 0*x - x - 6 = 0, 3*x - 18 = 3*d. Give y(d).
0
Let m(q) = -q - 1. Let a(b) = -3 + 1 - 3 + 4. Let k(v) = a(v) - m(v). What is k(-4)?
-4
Let x(d) be the third derivative of -d**5/60 - d**4/4 + 7*d**3/6 + 1560*d**2. Suppose -2*w - 9 = -2*s - 3, 42 = -5*w - 4*s. What is x(w)?
7
Suppose 2*b + 77 = 13*b. Suppose -j = -b*j + 18. Let r(c) = -c**3 + 2*c**2 + 2*c - 1. Give r(j).
-4
Let f(m) = -m**3 + m**2 - 5. Suppose 0 = 3*c + 5*d + 5, -1 + 0 = -4*c + d. Suppose -2*l - 2*l = c. Determine f(l).
-5
Suppose 2*q + 5 = 7*q, -w = 2*q - 4. Let x(j) = -8*j**3 - j**3 - 1 - 5*j**w + 10*j**3 - 6*j. Calculate x(6).
-1
Let h(u) = -7*u - 133*u**3 - 131*u**3 - 134*u**3 + 399*u**3 - 5*u**2 + 0*u**2. Determine h(5).
-35
Let g(v) = 5*v**2 + 63. Let o(m) = m**2 - m + 9. Let h(d) = g(d) - 6*o(d). Calculate h(6).
9
Let w(s) = -7*s + 5. Let v(o) = -8*o + 5. Let q be (1 - 3)*5/2. Suppose 4*m + 4*t + 2 = 6, 3*m - 43 = 5*t. Let b(y) = m*w(y) + q*v(y). Determine b(4).
-3
Let b(w) = 6*w + 12. Let g(p) = -5*p - 10. Let z(f) = 4*b(f) + 5*g(f). Determine z(7).
-9
Let k be 0 - (-2 - -3)*-29. Suppose 3*w - 2*w = 2*f - 29, -4*w - 5*f = 103. Let z = w + k. Let o(v) = -v**2 + 3*v - 1. Calculate o(z).
1
Let b(c) = -2*c**2 - 8*c - 3. Suppose 32*o + 55 = 21*o. Calculate b(o).
-13
Let v(n) = 46*n + 1. Suppose -11*d + 14 = 5*l - 8*d, 2*l - 5 = -d. Determine v(l).
47
Let i(p) be the first derivative of p**2/2 - 6*p - 183. What is i(0)?
-6
Let k(u) = -6*u - 7 - 19 + 8 - 1. Give k(-6).
17
Let t(b) = -5*b**3 - 2*b**2 - 7*b. Let p be -1 - -4 - (-2 - -4). Let u(f) = -f**3 - f. Let j(a) = p*t(a) - 6*u(a). Calculate j(2).
-2
Suppose -4*i + 0*v - v = 14, 0 = 3*i - 5*v + 22. Let k(y) = 3*y + 2. Let j(a) = 8*a + 6. Let m(f) = -4*j(f) + 11*k(f). Give m(i).
-6
Let b be ((-1)/2*6)/(1 + -2). Let x(g) = g + 256*g**3 - 2*g**2 - 263*g**b + 0*g. Give x(1).
-8
Let a(l) = -l - 20. Let d = 1632 + -1646. Give a(d).
-6
Let k(o) = -5*o. Suppose -4*p = 2*f - f + 1, -2 = p. Let z(y) = -4*y. Let h(u) = f*z(u) - 6*k(u). Give h(3).
6
Let r = -275 + 284. Let f(g) = g**3 - 8*g**2 - 10*g - 4. Calculate f(r).
-13
Let x = -49 + 45. Let r = x + 1. Let i(j) = -4*j - 2. What is i(r)?
10
Let l be -7*(12 - (-267)/(-21)). Let q(w) = w + 6. Determine q(l).
11
Suppose 0 = 7*q - 2*q + 4*b - 13, -3*q = 2*b - 7. Let y be 0 + (7 - (q - -2)). Let s(c) = c + 5. Calculate s(y).
9
Let q(b) be the first derivative of -3*b**4/4 - b**3/6 - b**2/2 + 11*b + 1. Let i(m) be the first derivative of q(m). What is i(-1)?
-9
Let d(m) = -3*m**3 - 2*m**2 - 6*m + 5. Let y(b) = 2*b**3 + 3*b**2 + 4*b - 4. Let z(h) = -3*d(h) - 4*y(h). Calculate z(5).
-14
Let a(d) = d - 397 - 392 + 793. Calculate a(-7).
-3
Let p(f) = f**3 - 4*f**2 - 3*f - 4. Let u(l) = 7*l + 26. Let g be u(-3). Give p(g).
6
Let i(k) be the third derivative of 0 + 0*k - 4*k**2 + 2/3*k**3 + 1/8*k**4 - 1/60*k**5. Let b be 1*4/5*5. Give i(b).
0
Let o(p) be the second derivative of p**5/20 + 7*p**4/12 - 5*p**2 - 35*p. Determine o(-7).
-10
Let s(t) = -2*t - 10. Let k be ((-72)/(-20))/((-9)/30 - 0). Determine s(k).
14
Let g = -14 - -25. Let a(l) = 0*l**3 + 15*l**2 - l**3 + 3 - g*l**2 + 4*l. Give a(5).
-2
Suppose 28 = 29*t - 1. Let c(r) = -15*r**2 + r. Give c(t).
-14
Let u(w) = w**2 + w + 3. Suppose k + 8*d + 12 = 6*d, 0 = -4*d - 20. Suppose -4*b + 10 = 2. Let y be b/(-4)*(k + 2). Give u(y).
3
Let g(o) = 13*o**3 - o**2 - 8*o - 4. Let j(m) = 2*m**3 - m**2 + 1. Let u(t) = -g(t) + 6*j(t). Calculate u(-6).
-2
Let c(x) = x**3 - 6*x**2 - 26*x - 3. Let y be c(-3). Let t(z) = -3*z - 7. Determine t(y).
11
Let v = 8 - 1. Let a(i) = -5*i**2 + 16 + 5*i**2 - 13 - 8*i + i**2. What is a(v)?
-4
Let i(f) = f - 8. Suppose -20*c = -c - 95. What is i(c)?
-3
Let l(s) = -8*s + 4. Let f(b) = b - 1. Let u(c) = -f(c) - l(c). Let m(p) = -15*p + 7. Let y(q) = -4*m(q) - 9*u(q). Give y(-4).
11
Let i be (2 - (8 + -7))*2/4. Let m(f) be the second derivative of i*f**2 + 0 - 1/2*f**3 - 4*f - 1/12*f**4. What is m(-2)?
3
Let q(s) = -s**2 + s + 1. Let k(b) = -3*b**2 + 8*b + 7. Let u(v) = -k(v) + 4*q(v). What is u(-1)?
0
Let r(i) = 2*i + 3. Suppose 10*d - 7*d - 4*a = 0, -a - 3 = 0. What is r(d)?
-5
Let x = 39 - 43. Let i(k) be the first derivative of 2*k**2 - 3*k - 6. Give i(x).
-19
Let k(z) be the third derivative of -z**5/60 - z**4/6 - z**3/6 - 27*z**2. Calculate k(-3).
2
Let g(t) = -t + 8. Let k(s) = -8*s**2 + 12*s - 9. Let b(w) = 7*w**2 - 11*w + 8. Let y(a) = 7*b(a) + 6*k(a). Let r be y(4). Let l be 36/r*(-2)/6. Calculate g(l).
2
Suppose 15 + 52 = 3*x - 5*r, 4*x - 91 = 5*r. Suppose -2*f - x = 2*f. Let j(a) be the first derivative of a**2 + 7*a - 154. Give j(f).
-5
Let g(v) = 4*v**2 - 24*v - 14. Let p(r) = -2*r**2 + 11*r + 6. Let h(l) = -4*g(l) - 9*p(l). Determine h(2).
4
Let x(s) be the first derivative of -s**4/2 - 4*s**3/3 - s**2 - 2. Let b = 41 - 29. Let h(v) = -v**3 + 11*v**2 + 12*v - 2. Let w be h(b). Calculate x(w).
4
Let h(n) be the second derivative of 3*n**5/20 + n**4/12 - n**2/2 + 185*n. Calculate h(1).
3
Let a be 0 + 3 - (9 + -7). Let z(t) = 3*t + 3*t - 46*t**3 - 4*t + 29*t**3 - t. Determine z(a).
-16
Suppose 0 = 4*g - 60*a + 62*a + 8, -3*g - 8 = 2*a. Let d(w) = -w**2 - w - 2. Give d(g).
-2
Let h(l) = -l + 11. Suppose -19*s + 10 = -18*s. Give h(s).
1
Let f be (72/(-16))/((-1)/(-2)). Let w(u) = -13*u**2 - 4*u. Let r(n) = 26*n**2 + 9*n. Let x(o) = f*w(o) - 4*r(o). Suppose 4*q + 4 + 0 = 0. What is x(q)?
13
Let i(u) = -7 + 7*u - 13*u - 11*u**2 - 4*u. Let c(g) = -7*g**2 - 7*g - 5. Let n(k) = -8*c(k) + 5*i(k). Determine n(-6).
5
Let y(r) = r + 5. Let q be y(7). Let t(c) = 31 + 3*c - q - 18. Determine t(-1).
-2
Let l(s) be the second derivative of -s**3/6 + 13*s**2/2 - 4*s - 15. What is l(5)?
8
Suppose -37*z = -33*z + 24. Suppose -4*c = -2*c - 6. Let g(b) = -b + 1 + 8 + c*b. Give g(z).
-3
Let b(f) = f - 4. Let r(i) = i**3 - 20*i**2 + 17*i + 41. Let a be r(19). Suppose 3*v = -2*k + 6, 13 = -a*k - 0*k + v. Give b(k).
-7
Let k(h) = 8*h**2 - 4*h. Let i(q) = 7*q**2 - 3*q. Let x(o) = -7*i(o) + 6*k(o). Give x(0).
0
Suppose -19 = 2*i - 25. Let v(w) = w + 2*w + w**2 - 5 + 0*w**2 + i*w. Determine v(-6).
-5
Let h(d) = -2*d + 5. Let o(q) = -7*q + 21. Let c(l) = -21*h(l) + 5*o(l). Let v(s) = -s**3 - 2*s - 160. Let u be v(0). Let y = -159 - u. Determine c(y).
7
Let p(z) = -z**2 - 2 - 5*z + 3 - 3*z. Let j(v) = -v**2 - 174*v + 523. Let r be j(3). What is p(r)?
1
Let j(a) = -a**3 - 4*a**2 - a. Let d = -75 - -72. Let f be j(d). Let m(x) = 1 + 2 - x - 4. Calculate m(f).
5
Let r(g) = 1 + 2*g**2 + 7*g - 2*g + g**3 - 3*g. Let m(w) be the third derivative of w**5/60 - w**4/4 + w**3/2 + 2*w**2. Let f be m(5). Give r(f).
-3
Let v(c) = -c**3 - 11*c**2 - 4*c + 6. Let y(r) = 6*r**3 + 54*r**2 + 21*r - 31. Let d(m) = 11*v(m) + 2*y(m). Determine d(13).
-22
Let u(a) = -a**3 + 2*a + 1. Let o(j) = -j**2 - 15*j - 52. Let z be o(-10). Give u(z).
5
Let w be 8/6 + -4 - (-35)/21. Let t(m) be the third derivative of m**4/8 + m**3/6 + 2*m**2. Determine t(w).
-2
Let o be (-264)/44 - 13/(-2). Let v(w) be the second derivative of -1/3*w**3 + o*w**2 + 0 - 4*w. Calculate v(2).
-3
Let q(d) be the third derivative of d**6/120 - d**5/20 - 5*d**4/24 + d**3/2 - 2*d**2. Let y = 13 + -9. Let w = 8 - y. Determine q(w).
-1
Let u(c) be the first derivative of -2*c**2 + 23*c + 696. Determine u(6).
-1
Let g(f) = -2*f**3 - 2*f**2 + 2*f - 5. Let b(j) = -j + 11. Let o be b(8). Let l(k) = -k**3 - 3*k**2 + 3*k - 5. Let p(d) = o*l(d) - 2*g(d). Determine p(4).
-1
Let j(n) be the second derivative of 8*n + 0 + 5/2*n**2 + 4/3*n**3. Let u(p) = p**2 - 8*p - 5. Let s(f) = -3*j(f) - 2*u(f). Calculate s(-5).
-15
Let n(j) = j**2 + 9*j - 7. Let w be n(-10). Let q(b) be the third derivative o